l + 5*p + 29, -p - 12 = -4*l + 1. Let w be (27 - -2)*(-1 + l). Calculate the highest common factor of 145 and w.
29
Let i be (-22)/(-2) + (-11)/(-11). Calculate the highest common divisor of i and 96.
12
Suppose i - 6*i = -705. Calculate the highest common factor of 47 and i.
47
Let q be (-32)/(-20)*(-25)/(-10). What is the highest common divisor of q and 28?
4
Suppose o + 0 = 3. Calculate the highest common divisor of o and 27.
3
Let y = 25 - -10. Let s(n) = 5*n**2 + 4*n + 2. Let a = 2 + -4. Let k be s(a). Calculate the highest common factor of y and k.
7
Suppose 0 = -2*x + 3*x - 14. Let y(a) = a**3 + 4*a**2 - 7*a + 2. Let z be y(5). Let h be 6/21 + z/14. What is the highest common divisor of x and h?
14
Let y = 108 + -12. Suppose -5*l + 19 = -y. Calculate the greatest common factor of l and 23.
23
Suppose 5*p = 38 + 92. Let m = p - 18. Let i(b) = 2*b**2 - b - 1. Let r be i(-1). What is the greatest common divisor of m and r?
2
Suppose -2*o - 3*o = -70. Calculate the highest common factor of 21 and o.
7
Suppose -14 = 9*n - 11*n. What is the highest common factor of 49 and n?
7
Suppose 5*c - 14 = -3*v, -3*v = -3*c - 2*v + 14. Suppose c*p - 4 = -0*p. Let u be 2 - (-2 - (11 - 4)). Calculate the greatest common divisor of u and p.
1
Let j(u) be the second derivative of 59*u**3/3 - u**2/2 + 2*u. Let f be j(1). Let a be (-108)/(-8) + 1/(-2). Calculate the greatest common factor of a and f.
13
Let u = -321 - -133. Let v = u + 441. Calculate the highest common divisor of 23 and v.
23
Suppose -8 = 2*u - u + 5*w, -2*u + 4*w + 54 = 0. Suppose 1 + u = a. What is the greatest common factor of 198 and a?
18
Let x = -537 - -850. Suppose x = 4*w + 73. What is the highest common divisor of w and 24?
12
Let x = -23 + 55. Let j = -14 + 22. Suppose d = -d + j. What is the highest common divisor of d and x?
4
Suppose -360 = -14*h + 4*h. Suppose -2*u = -u - 9. Calculate the highest common divisor of u and h.
9
Let j be (72/3)/(9/(-12)). Let y = j - -62. What is the greatest common factor of y and 20?
10
Suppose 22*r = 26*r - 12. Calculate the highest common factor of r and 24.
3
Let j be (3 + 9)/(6/9). Calculate the highest common divisor of j and 12.
6
Let r = 7 - 2. Let u = -3 + r. Let y(o) = -3*o - 7. Let s be y(-5). What is the highest common divisor of s and u?
2
Suppose -6*u - 12 = -9*u. Suppose -2*y + 6 + 0 = 0. Suppose 0 = 5*m - 4*r - 228, -2*m + 94 = -0*m - y*r. What is the highest common divisor of m and u?
4
Let j be (-3 - -1)*637/(-14). Calculate the highest common divisor of j and 13.
13
Let g(t) = -t - 4. Let b be 3 + (-3 - -4) + -13. Let n be g(b). What is the highest common factor of n and 15?
5
Let a(s) = -15*s + 5. Let z be a(-5). Let y = -52 + 79. Let c be (y/12)/(6/z). Calculate the greatest common divisor of c and 12.
6
Let m = 4 - -6. Suppose 270 = 6*f - 3*f. What is the greatest common divisor of m and f?
10
Let x(a) = -a**3 - 9*a**2 - 10*a - 12. Let p be x(-8). Let f be (26/p)/(2/4). What is the highest common factor of 13 and f?
13
Let i = -409 - -417. Suppose -3*j - 11 = -4*u, -5*u + 4*j + 0*j = -14. Calculate the highest common divisor of u and i.
2
Let j be 1*(2 - 11)*-3. Let p(w) = -w**3 + w + 3. Let c be p(0). Calculate the greatest common divisor of j and c.
3
Let b(y) = -y**2 - 7*y + 5. Let u be b(-6). Let x(n) = -n**2 + 11*n + 1. Let z be x(u). What is the highest common factor of z and 9?
1
Suppose 33*h - 129 = 30*h. Calculate the greatest common divisor of h and 43.
43
Suppose -p - 56 = -3*g, 0*p = g + 4*p - 23. Suppose 20 = -5*u + 3*q, -3*q = 3*u - q + 31. Let c = u + g. What is the highest common divisor of c and 36?
12
Suppose -h + 17 = -0*h. What is the highest common factor of h and 85?
17
Let r be (-256)/(-44) + (-2)/(-11). Let t = r + -4. Suppose -5*a - 37 = -3*p, 0 = -t*p + 4*p + 5*a + 17. Calculate the highest common factor of 36 and p.
4
Let o(x) = 116*x**3 + 2*x**2 - 1. Suppose 0*p = -4*p + 4. Suppose 4*c - p - 3 = 0. Let a be o(c). What is the greatest common factor of 13 and a?
13
Suppose 2*l - 83 = -11. Let g be 15/21 + 2/7. Let s be -1 + 6 - g/1. Calculate the greatest common factor of l and s.
4
Let t = 139 + -41. What is the highest common factor of t and 14?
14
Suppose 4*a - 8 = -p + 20, 3*p - a - 32 = 0. Let o be ((-42)/8)/((-3)/p). Let g(i) = -43*i - 2. Let x be g(-2). What is the highest common factor of o and x?
21
Let l = 32 - -58. Calculate the highest common factor of 20 and l.
10
Suppose 5*z - 23 = 4*z. Calculate the highest common divisor of 161 and z.
23
Let w be 1/(-2) + 94/4. Suppose 3*f - 554 = -2*t, 2*f + 5*t - 557 = -184. What is the greatest common divisor of f and w?
23
Let w = -170 + 244. Let d = w - -52. Let n be (-2)/(-7) + 96/7. Calculate the highest common factor of n and d.
14
Let c = 27 - 19. Calculate the highest common divisor of 16 and c.
8
Suppose o + 2*o - 2*b = 68, b = -3*o + 74. What is the highest common divisor of o and 48?
24
Let z(h) = -h**2 - 8*h + 8. Let b be z(-6). Calculate the greatest common divisor of b and 50.
10
Let v be 0 + 0 + (18 - 0). Suppose -7*m - 49 = -1057. What is the greatest common divisor of v and m?
18
Let o be 49010/35 - (-4)/(-14). Let b be ((-12)/(-10))/(15/o). What is the greatest common divisor of 16 and b?
16
Let z(n) = 6*n - 2. Let u(v) = 13*v - 4. Let g(j) = -3*u(j) + 5*z(j). Let s be g(-2). Suppose 4*q + s = 80. Calculate the greatest common divisor of q and 3.
3
Suppose 6 = 6*s - 3*s. Let r be (-2)/(-1) + 2/s. What is the highest common divisor of r and 33?
3
Suppose 3*f + 2*y = -0*y + 113, 0 = 2*f + 2*y - 76. Suppose -f = -4*u + 27. What is the highest common divisor of u and 4?
4
Suppose -35*m + 31*m = -288. Calculate the highest common factor of m and 9.
9
Let c be ((-19)/(-2))/(2/16). Let v be c/8 + 1/(-2). Let p be 89 - -3*(-3)/v. What is the greatest common divisor of p and 8?
8
Suppose 0 = 2*j + 3*j + 3*c - 216, 0 = 3*j + c - 132. Let n be (25 + 0)*(1 + (-4)/10). Calculate the highest common factor of n and j.
15
Suppose 68 - 8 = 3*v. Suppose -t = -2*i + v, -8 = 3*t - t. Let l(u) = -u**2 - 14*u + 8. Let m be l(-10). What is the greatest common factor of m and i?
8
Suppose 2*s = 4 + 6. Calculate the greatest common factor of s and 40.
5
Suppose -3*u - 3*l = -2*l - 235, -4*u + l + 325 = 0. Let n be 0 - 2 - (-21 - 1). What is the highest common factor of n and u?
20
Let g = -22 - -61. Suppose -4*i = -4*t - 116, -52 - 58 = -4*i + 2*t. What is the greatest common divisor of i and g?
13
Let b be (-6)/((-2)/((-16)/(-6))). Suppose -2*s + 4*s - b = 0. Let k be (-286)/(-9) + s/18. Calculate the greatest common factor of k and 4.
4
Let d(o) = o. Let w be (-9)/(-15) - 21/(-15). Let x be d(w). Suppose x*f - 3*i - 145 = 0, i - 85 = -f - 0*f. What is the greatest common factor of 10 and f?
10
Suppose -4*o - 11 - 15 = -k, -5*k = -o - 54. Let q = 35 + k. Suppose 0 = 3*y - 60 - q. What is the highest common factor of 5 and y?
5
Suppose -23 = -3*o + 7. Let m = -21 - -46. What is the greatest common factor of o and m?
5
Let x = -3 + 26. Let z = x - 15. What is the highest common factor of z and 4?
4
Suppose 0*l - 3*l + j = -8, 5*l = -j + 24. Suppose l*z + z = 135. Let t = z - 11. Calculate the greatest common divisor of 2 and t.
2
Let m be (-266)/(-6) + (-8)/(-12). Calculate the highest common divisor of m and 18.
9
Let x be 32 - 17 - 2/2. Let w = 8 + -5. Suppose -1 + 22 = w*f. What is the greatest common divisor of x and f?
7
Let u be (-1*(-2 + -38))/2. What is the highest common divisor of u and 60?
20
Let z(q) = q**3 - 7*q**2 - 7*q - 1. Let o be z(8). Suppose -23 = -2*w - o. Let r = 55 - 31. What is the greatest common factor of r and w?
8
Suppose -3*b - 2*b = -80. Let x be 8*(14/8 - 3). Let k(y) = y**3 + 9*y**2 - 12*y - 12. Let d be k(x). What is the greatest common factor of d and b?
8
Let v = 25 - 14. Suppose -4*f - 16 = -4*n, 2*n - 5*f - 12 = n. Suppose d = -0*x + x - 56, 4*x = n*d + 222. Calculate the greatest common factor of x and v.
11
Let r be (-2)/8 - (-1938)/8. Calculate the greatest common divisor of r and 22.
22
Let r = 16 - 13. Suppose -4 = r*l - 13. What is the highest common factor of 33 and l?
3
Let x(g) = -4*g + 6. Let h be x(6). Let t be 2/(-9) + (-166)/h. Let k be 2/t + 912/27. Calculate the greatest common divisor of k and 17.
17
